osite number?
False
Is 923107 composite?
False
Is 31772783 prime?
False
Is 9878797 composite?
False
Is 40564163 a prime number?
True
Is 2113511 a prime number?
True
Is 15074249 prime?
True
Is 2025563 composite?
True
Is 2762213 a composite number?
False
Is 5402647 a prime number?
True
Is 36071741 a prime number?
True
Is 39367541 prime?
True
Is 79398899 prime?
False
Is 182400359 composite?
False
Is 76575547 a prime number?
True
Is 15529463 prime?
True
Is 17205767 a prime number?
True
Is 16874129 composite?
True
Is 7491551 composite?
False
Is 642301 prime?
False
Is 572690721 a prime number?
False
Is 4014893 prime?
True
Is 3696709 composite?
True
Is 22116959 a prime number?
True
Is 115616033 composite?
True
Is 419983 a composite number?
True
Is 3581114 prime?
False
Is 14924347 composite?
True
Is 261809 prime?
False
Is 3228209 composite?
False
Is 47341997 a composite number?
False
Is 78986753 a composite number?
True
Is 7415321 a prime number?
True
Is 355753 prime?
True
Is 23867593 prime?
True
Is 5497861 a composite number?
False
Is 4262351 a composite number?
False
Is 15985315 prime?
False
Is 19234321 a prime number?
True
Is 101050619 a prime number?
True
Is 3513982 a prime number?
False
Is 3136461 prime?
False
Is 16272083 a composite number?
False
Is 8020891 composite?
False
Is 26918369 composite?
False
Is 23220239 composite?
True
Is 25217623 a composite number?
False
Is 149501 prime?
False
Is 84385181 a prime number?
True
Is 100925897 a prime number?
False
Is 6462177 a prime number?
False
Is 30897341 a prime number?
True
Is 24987197 a prime number?
True
Is 9662729 composite?
False
Is 124385621 a prime number?
False
Is 2045297 prime?
False
Is 267289879 composite?
False
Is 168112001 a prime number?
True
Is 298029359 a prime number?
True
Is 109262119 a prime number?
True
Is 403786009 composite?
True
Is 1283158 a prime number?
False
Is 1463089 a prime number?
True
Is 58885549 a composite number?
False
Is 7304771 prime?
False
Is 277132657 prime?
False
Is 270089311 composite?
False
Is 47781269 composite?
True
Is 65683 prime?
False
Is 263484059 a prime number?
False
Is 6889093 composite?
True
Is 14652953 a prime number?
False
Is 490687 a prime number?
False
Is 779783 a prime number?
False
Is 102296357 a composite number?
False
Is 9204589 composite?
False
Is 240659 a prime number?
True
Is 143995421 composite?
False
Is 12590137 a prime number?
False
Is 10121897 prime?
True
Is 10425311 a composite number?
True
Is 3128987 a composite number?
False
Is 565766645 composite?
True
Is 43809215 a prime number?
False
Is 78744811 a prime number?
False
Is 1418587 prime?
False
Is 5316869 a prime number?
False
Is 6016433 a prime number?
False
Is 2227879 a prime number?
False
Is 9214059 prime?
False
Is 78361571 a prime number?
True
Is 6694783 a composite number?
True
Is 20716249 a composite number?
True
Is 198357427 composite?
False
Is 31266481 a composite number?
False
Is 629891 prime?
True
Is 8641709 composite?
False
Is 741383 prime?
False
Is 12233057 composite?
False
Is 608459 composite?
False
Is 89913633 a composite number?
True
Is 2008543 a composite number?
True
Is 6817553 a composite number?
False
Is 4140047 prime?
True
Is 7567333 composite?
False
Is 154464253 prime?
True
Is 13645211 a prime number?
False
Is 368021 a prime number?
True
Is 79012909 a prime number?
True
Is 16353723 a prime number?
False
Is 19434011 prime?
False
Is 70864063 composite?
False
Is 662618861 a composite number?
False
Is 98333789 prime?
True
Is 5476787 a prime number?
True
Is 306643 a prime number?
True
Is 5546633 a prime number?
False
Is 736169 a prime number?
False
Is 36383147 a composite number?
True
Is 241221337 composite?
True
Is 1166138 a prime number?
False
Is 5394607 a prime number?
True
Is 174697 a prime number?
False
Is 56037659 prime?
True
Is 66332791 a prime number?
False
Is 1732253 prime?
True
Is 2104987 a composite number?
False
Is 16313447 a prime number?
True
Is 8781233 a composite number?
False
Is 299453581 a prime number?
False
Is 4438907 a composite number?
True
Is 15356137 a composite number?
False
Is 2704241 composite?
True
Is 3790019 prime?
False
Is 21683587 a composite number?
False
Is 2276779 a prime number?
True
Is 349963447 a composite number?
False
Is 38725178 composite?
True
Is 981569 prime?
True
Is 57620411 a prime number?
True
Is 1274667 a prime number?
False
Is 32267557 prime?
False
Is 7544969 a composite number?
True
Is 873401 prime?
False
Is 69650461 composite?
False
Is 605471 prime?
True
Is 4476071 prime?
False
Is 254270527 composite?
True
Is 631339 composite?
False
Is 16215889 a prime number?
False
Is 2097131 prime?
True
Is 1708897 a composite number?
True
Is 95380469 a prime number?
False
Is 237275251 a composite number?
False
Is 46146247 prime?
False
Is 552185 a composite number?
True
Is 1777481 a composite number?
False
Is 30959689 composite?
False
Is 2185637 prime?
True
Is 1088578921 composite?
False
Is 484987 a prime number?
True
Is 1245511 a prime number?
False
Is 44258867 composite?
True
Is 207158693 composite?
True
Is 10445777 a prime number?
False
Is 56268697 prime?
False
Is 22564543 a composite number?
False
Is 12398119 prime?
True
Is 56678309 a prime number?
True
Is 377371757 a prime number?
False
Is 28366253 a prime number?
False
Is 1542581 composite?
False
Is 165287 a prime number?
True
Is 1577867 prime?
False
Is 17015303 composite?
False
Is 525360259 prime?
False
Is 1306541 composite?
False
Is 7910633 prime?
True
Is 7367627 prime?
True
Is 10415069 a prime number?
False
Is 16118789 a composite number?
False
Is 2101531 a composite number?
False
Is 1660195 a prime number?
False
Is 14106647 prime?
True
Is 248205673 a prime number?
False
Is 29385907 a prime number?
True
Is 4942573 composite?
False
Is 1559837 a prime number?
False
Is 37018853 prime?
True
Is 4427849 a prime number?
True
Is 6525047 a composite number?
False
Is 2196079 prime?
True
Is 230366489 prime?
False
Is 43238983 a composite number?
False
Is 257676319 prime?
True
Is 1463089 prime?
True
Is 6335669 a prime number?
True
Is 1501231 a composite number?
True
Is 15184907 prime?
True
Is 1364851 a composite number?
True
Is 8878601 prime?
True
Is 7108763 a prime number?
True
Is 65411627 composite?
False
Is 93617477 a composite number?
True
Is 168740389 prime?
False
Is 757223 prime?
False
Is 412307183 a prime number?
False
Is 42089459 a prime number?
True
Is 14299622 prime?
False
Is 6142537 prime?
False
Is 2788273 prime?
True
Is 211348721 composite?
False
Is 83690257 composite?
True
Is 27225431 prime?
True
Is 166205041 prime?
True
Is 1214203 composite?
True
Is 139995547 composite?
False
Is 6663043 composite?
False
Is 205763441 a prime number?
False
Is 18448847 a prime number?
False
Is 46924949 prime?
True
Is 2056699 prime?
False
Is 1305967 a prime number?
False
Is 82590259 prime?
False
Is 1511731253 composite?
False
Is 1643305645 a prime number?
False
Is 7734037 a prime number?
False
Is 1755821 a composite number?
False
Is 1361803 prime?
True
Is 111858413 composite?
False
Is 64207733 composite?
False
Is 20796383 a composite number?
False
Is 7202683 a prime number?
True
Is 25074443 a composite number?
True
Is 10044509 composite?
False
Is 3986897 prime?
True
Is 48751181 prime?
False
Is 84700949 prime?
True
Is 6798131 prime?
True
Is 16446869 a prime number?
True
Is 42153463 a composite number?
True
Is 7830191 a composite number?
False
Is 2739371 a prime number?
True
Is 596429023 composite?
True
Is 171127367 a composite number?
False
Is 8195393 a composite number?
False
Is 660493 a composite number?
False
Is 464833 a composite number?
True
Is 782779 composite?
True
Is 2407763 prime?
False
Is 3067523 a prime number?
False
Is 1130495 composite?
True
Is 211605091 a composite number?
False
Is 518427955 prime?
False
Is 24515927 composite?
False
Is 769348633 prime?
True
Is 5149649 a composite number?
True
Is 4709443 a composite number?
True
Is 9721123 a prime number?
True
Is 338305649 a prime number?
False
Is 7271111 prime?
True
Is 736781 prime?
False
Is 174143639 a composite number?
False
Is 30825203 a composite number?
True
Is 242971 a prime number?
True
Is 3932833 a composite number?
True
Is 276435683 a prime number?
True
Is 211447 a composite number?
True
Is 137490079 composite?
True
Is 3